[INFO] cloning repository https://github.com/ashthespy/Spanalyse
[INFO] running `Command { std: "git" "-c" "credential.helper=" "-c" "credential.helper=/workspace/cargo-home/bin/git-credential-null" "clone" "--bare" "https://github.com/ashthespy/Spanalyse" "/workspace/cache/git-repos/https%3A%2F%2Fgithub.com%2Fashthespy%2FSpanalyse", kill_on_drop: false }`
[INFO] [stderr] Cloning into bare repository '/workspace/cache/git-repos/https%3A%2F%2Fgithub.com%2Fashthespy%2FSpanalyse'...
[INFO] running `Command { std: "git" "rev-parse" "HEAD", kill_on_drop: false }`
[INFO] [stdout] cbe9d4750ec96bd2e4c1b88205d8bf5bd5648266
[INFO] checking ashthespy/Spanalyse against master#cfbc6d4cf1acbac5c025acf8ed68929caa551df3 for pr-75494-beta
[INFO] running `Command { std: "git" "clone" "/workspace/cache/git-repos/https%3A%2F%2Fgithub.com%2Fashthespy%2FSpanalyse" "/workspace/builds/worker-6/source", kill_on_drop: false }`
[INFO] [stderr] Cloning into '/workspace/builds/worker-6/source'...
[INFO] [stderr] done.
[INFO] validating manifest of git repo https://github.com/ashthespy/Spanalyse on toolchain cfbc6d4cf1acbac5c025acf8ed68929caa551df3
[INFO] running `Command { std: "/workspace/cargo-home/bin/cargo" "+cfbc6d4cf1acbac5c025acf8ed68929caa551df3" "read-manifest" "--manifest-path" "Cargo.toml", kill_on_drop: false }`
[INFO] started tweaking git repo https://github.com/ashthespy/Spanalyse
[INFO] finished tweaking git repo https://github.com/ashthespy/Spanalyse
[INFO] tweaked toml for git repo https://github.com/ashthespy/Spanalyse written to /workspace/builds/worker-6/source/Cargo.toml
[INFO] crate git repo https://github.com/ashthespy/Spanalyse already has a lockfile, it will not be regenerated
[INFO] running `Command { std: "/workspace/cargo-home/bin/cargo" "+cfbc6d4cf1acbac5c025acf8ed68929caa551df3" "fetch" "--locked" "--manifest-path" "Cargo.toml", kill_on_drop: false }`
[INFO] [stderr]     Updating crates.io index
[INFO] [stderr]     Updating git repository `https://github.com/ashthespy/librespot`
[INFO] [stderr]     Updating git repository `https://github.com/plietar/rust-mdns`
[INFO] [stderr]     Updating git repository `https://github.com/plietar/dns-parser`
[INFO] [stderr] error: the lock file /workspace/builds/worker-6/source/Cargo.lock needs to be updated but --locked was passed to prevent this
[INFO] [stderr] If you want to try to generate the lock file without accessing the network, use the --offline flag.
[INFO] the lockfile is outdated, regenerating it
[INFO] running `Command { std: "/workspace/cargo-home/bin/cargo" "+cfbc6d4cf1acbac5c025acf8ed68929caa551df3" "generate-lockfile" "--manifest-path" "Cargo.toml" "-Zno-index-update", kill_on_drop: false }`
[INFO] [stderr]     Blocking waiting for file lock on package cache
[INFO] [stderr]     Updating git repository `https://github.com/ashthespy/librespot`
[INFO] [stderr]     Updating git repository `https://github.com/plietar/rust-mdns`
[INFO] [stderr]     Updating git repository `https://github.com/plietar/dns-parser`
[INFO] running `Command { std: "/workspace/cargo-home/bin/cargo" "+cfbc6d4cf1acbac5c025acf8ed68929caa551df3" "fetch" "--locked" "--manifest-path" "Cargo.toml", kill_on_drop: false }`
[INFO] [stderr]     Blocking waiting for file lock on package cache
[INFO] [stderr]  Downloading crates ...
[INFO] [stderr]   Downloaded protobuf-codegen-pure v2.17.0
[INFO] [stderr]   Downloaded rpassword v3.0.2
[INFO] [stderr]   Downloaded c_linked_list v1.1.1
[INFO] [stderr]   Downloaded get_if_addrs v0.5.3
[INFO] [stderr]   Downloaded tokio-signal v0.2.9
[INFO] [stderr]   Downloaded tokio-process v0.2.5
[INFO] [stderr]   Downloaded shannon v0.2.0
[INFO] [stderr]   Downloaded tokio-uds v0.2.7
[INFO] [stderr]   Downloaded hyper-proxy v0.4.1
[INFO] [stderr]   Downloaded block-modes v0.3.3
[INFO] [stderr]   Downloaded protobuf-codegen v2.17.0
[INFO] [stderr]   Downloaded aes-ctr v0.3.0
[INFO] [stderr]   Downloaded stream-cipher v0.3.2
[INFO] [stderr]   Downloaded ctr v0.3.2
[INFO] [stderr]   Downloaded get_if_addrs-sys v0.1.1
[INFO] [stderr]   Downloaded protobuf v2.17.0
[INFO] [stderr]   Downloaded extprim v1.7.1
[INFO] running `Command { std: "docker" "create" "-v" "/var/lib/crater-agent-workspace/builds/worker-6/target:/opt/rustwide/target:rw,Z" "-v" "/var/lib/crater-agent-workspace/builds/worker-6/source:/opt/rustwide/workdir:ro,Z" "-v" "/var/lib/crater-agent-workspace/cargo-home:/opt/rustwide/cargo-home:ro,Z" "-v" "/var/lib/crater-agent-workspace/rustup-home:/opt/rustwide/rustup-home:ro,Z" "-e" "SOURCE_DIR=/opt/rustwide/workdir" "-e" "CARGO_TARGET_DIR=/opt/rustwide/target" "-e" "CARGO_HOME=/opt/rustwide/cargo-home" "-e" "RUSTUP_HOME=/opt/rustwide/rustup-home" "-w" "/opt/rustwide/workdir" "-m" "1610612736" "--user" "0:0" "--network" "none" "rustops/crates-build-env@sha256:a636fd89d022f18117e1dc8fb37a0a009933cdbbe082814857f0e2024962d47c" "/opt/rustwide/cargo-home/bin/cargo" "+cfbc6d4cf1acbac5c025acf8ed68929caa551df3" "metadata" "--no-deps" "--format-version=1", kill_on_drop: false }`
[INFO] [stderr] WARNING: Your kernel does not support swap limit capabilities or the cgroup is not mounted. Memory limited without swap.
[INFO] [stdout] 98bb0764ffd55ca073c7d61bb4b6150b28a297f0814475914ec366f556fa47c6
[INFO] running `Command { std: "docker" "start" "-a" "98bb0764ffd55ca073c7d61bb4b6150b28a297f0814475914ec366f556fa47c6", kill_on_drop: false }`
[INFO] running `Command { std: "docker" "inspect" "98bb0764ffd55ca073c7d61bb4b6150b28a297f0814475914ec366f556fa47c6", kill_on_drop: false }`
[INFO] running `Command { std: "docker" "rm" "-f" "98bb0764ffd55ca073c7d61bb4b6150b28a297f0814475914ec366f556fa47c6", kill_on_drop: false }`
[INFO] [stdout] 98bb0764ffd55ca073c7d61bb4b6150b28a297f0814475914ec366f556fa47c6
[INFO] running `Command { std: "docker" "create" "-v" "/var/lib/crater-agent-workspace/builds/worker-6/target:/opt/rustwide/target:rw,Z" "-v" "/var/lib/crater-agent-workspace/builds/worker-6/source:/opt/rustwide/workdir:ro,Z" "-v" "/var/lib/crater-agent-workspace/cargo-home:/opt/rustwide/cargo-home:ro,Z" "-v" "/var/lib/crater-agent-workspace/rustup-home:/opt/rustwide/rustup-home:ro,Z" "-e" "SOURCE_DIR=/opt/rustwide/workdir" "-e" "CARGO_TARGET_DIR=/opt/rustwide/target" "-e" "CARGO_INCREMENTAL=0" "-e" "RUST_BACKTRACE=full" "-e" "RUSTFLAGS=--cap-lints=forbid" "-e" "CARGO_HOME=/opt/rustwide/cargo-home" "-e" "RUSTUP_HOME=/opt/rustwide/rustup-home" "-w" "/opt/rustwide/workdir" "-m" "1610612736" "--user" "0:0" "--network" "none" "rustops/crates-build-env@sha256:a636fd89d022f18117e1dc8fb37a0a009933cdbbe082814857f0e2024962d47c" "/opt/rustwide/cargo-home/bin/cargo" "+cfbc6d4cf1acbac5c025acf8ed68929caa551df3" "check" "--frozen" "--all" "--all-targets" "--message-format=json", kill_on_drop: false }`
[INFO] [stdout] 425ee56c47adcedb5d0cb75548daa5886bb24579cc10d7d0bb874b9c8ad60363
[INFO] [stderr] WARNING: Your kernel does not support swap limit capabilities or the cgroup is not mounted. Memory limited without swap.
[INFO] running `Command { std: "docker" "start" "-a" "425ee56c47adcedb5d0cb75548daa5886bb24579cc10d7d0bb874b9c8ad60363", kill_on_drop: false }`
[INFO] [stderr]     Checking cfg-if v0.1.10
[INFO] [stderr]    Compiling byteorder v1.3.4
[INFO] [stderr]     Checking lazy_static v1.4.0
[INFO] [stderr]    Compiling log v0.4.11
[INFO] [stderr]    Compiling semver-parser v0.7.0
[INFO] [stderr]    Compiling maybe-uninit v2.0.0
[INFO] [stderr]     Checking scopeguard v1.1.0
[INFO] [stderr]     Checking slab v0.4.2
[INFO] [stderr]    Compiling getrandom v0.1.14
[INFO] [stderr]    Compiling autocfg v0.1.7
[INFO] [stderr]    Compiling protobuf v2.17.0
[INFO] [stderr]     Checking opaque-debug v0.2.3
[INFO] [stderr]     Checking matches v0.1.8
[INFO] [stderr]    Compiling ppv-lite86 v0.2.9
[INFO] [stderr]    Compiling httparse v1.3.4
[INFO] [stderr]     Checking safemem v0.3.3
[INFO] [stderr]     Checking fake-simd v0.1.2
[INFO] [stderr]     Checking tinyvec v0.3.4
[INFO] [stderr]     Checking subtle v1.0.0
[INFO] [stderr]    Compiling ryu v1.0.5
[INFO] [stderr]     Checking percent-encoding v1.0.1
[INFO] [stderr]     Checking mime v0.3.16
[INFO] [stderr]    Compiling serde_json v1.0.57
[INFO] [stderr]     Checking itoa v0.4.6
[INFO] [stderr]    Compiling memchr v2.3.3
[INFO] [stderr]    Compiling bitflags v1.2.1
[INFO] [stderr]     Checking bit-vec v0.6.2
[INFO] [stderr]     Checking void v1.0.2
[INFO] [stderr]     Checking c_linked_list v1.1.1
[INFO] [stderr]     Checking byteorder v0.5.3
[INFO] [stderr]     Checking termcolor v1.1.0
[INFO] [stderr]    Compiling protobuf v1.7.5
[INFO] [stderr]     Checking serde v0.9.15
[INFO] [stderr]     Checking rand_core v0.3.1
[INFO] [stderr]    Compiling crossbeam-utils v0.7.2
[INFO] [stderr]     Checking tokio-sync v0.1.8
[INFO] [stderr]    Compiling memoffset v0.5.5
[INFO] [stderr]    Compiling crossbeam-epoch v0.8.2
[INFO] [stderr]     Checking tokio-service v0.1.0
[INFO] [stderr]    Compiling num-bigint v0.2.6
[INFO] [stderr]     Checking relay v0.1.1
[INFO] [stderr]    Compiling unicase v2.6.0
[INFO] [stderr]    Compiling error-chain v0.12.4
[INFO] [stderr]     Checking lock_api v0.3.4
[INFO] [stderr]     Checking thread_local v1.0.1
[INFO] [stderr]     Checking crossbeam-utils v0.6.6
[INFO] [stderr]     Checking unicode-bidi v0.3.4
[INFO] [stderr]    Compiling semver v0.9.0
[INFO] [stderr]     Checking humantime v1.3.0
[INFO] [stderr]     Checking unicode-normalization v0.1.13
[INFO] [stderr]     Checking getopts v0.2.21
[INFO] [stderr]    Compiling libc v0.2.76
[INFO] [stderr]     Checking rand_xorshift v0.1.1
[INFO] [stderr]     Checking rand_hc v0.1.0
[INFO] [stderr]     Checking rand_isaac v0.1.1
[INFO] [stderr]     Checking dns-parser v0.3.2 (https://github.com/plietar/dns-parser#1d3e5a55)
[INFO] [stderr]     Checking bit-set v0.5.2
[INFO] [stderr]    Compiling rand_pcg v0.1.2
[INFO] [stderr]    Compiling rand_chacha v0.1.1
[INFO] [stderr]    Compiling rand v0.6.5
[INFO] [stderr]     Checking iovec v0.1.4
[INFO] [stderr]     Checking num_cpus v1.13.0
[INFO] [stderr]     Checking net2 v0.2.34
[INFO] [stderr]     Checking rand_os v0.1.3
[INFO] [stderr]     Checking rand v0.5.6
[INFO] [stderr]     Checking time v0.1.43
[INFO] [stderr]     Checking get_if_addrs v0.5.3
[INFO] [stderr]     Checking signal-hook-registry v1.2.1
[INFO] [stderr]     Checking atty v0.2.14
[INFO] [stderr]     Checking rpassword v3.0.2
[INFO] [stderr]    Compiling quote v1.0.7
[INFO] [stderr]     Checking crossbeam-queue v0.1.2
[INFO] [stderr]    Compiling rustc_version v0.2.3
[INFO] [stderr]     Checking log v0.3.9
[INFO] [stderr]     Checking want v0.0.4
[INFO] [stderr]     Checking smallvec v0.6.13
[INFO] [stderr]     Checking futures-cpupool v0.1.8
[INFO] [stderr]     Checking aho-corasick v0.7.13
[INFO] [stderr]     Checking block-cipher-trait v0.6.2
[INFO] [stderr]     Checking digest v0.8.1
[INFO] [stderr]     Checking crypto-mac v0.7.0
[INFO] [stderr]     Checking stream-cipher v0.3.2
[INFO] [stderr]     Checking rand_core v0.5.1
[INFO] [stderr]     Checking num-traits v0.1.43
[INFO] [stderr]     Checking idna v0.1.5
[INFO] [stderr]     Checking mio v0.6.22
[INFO] [stderr]     Checking nix v0.11.1
[INFO] [stderr]    Compiling syn v1.0.39
[INFO] [stderr]     Checking bytes v0.4.12
[INFO] [stderr]     Checking block-buffer v0.7.3
[INFO] [stderr]     Checking base64 v0.9.3
[INFO] [stderr]     Checking shannon v0.2.0
[INFO] [stderr]     Checking base64 v0.10.1
[INFO] [stderr]     Checking ogg v0.7.0
[INFO] [stderr]     Checking aes-soft v0.3.3
[INFO] [stderr]     Checking block-modes v0.3.3
[INFO] [stderr]     Checking ctr v0.3.2
[INFO] [stderr]     Checking hmac v0.7.1
[INFO] [stderr]     Checking tokio-executor v0.1.10
[INFO] [stderr]     Checking crossbeam-queue v0.2.3
[INFO] [stderr]    Compiling parking_lot_core v0.6.2
[INFO] [stderr]    Compiling parking_lot v0.9.0
[INFO] [stderr]    Compiling extprim v1.7.1
[INFO] [stderr]     Checking rand_chacha v0.2.2
[INFO] [stderr]    Compiling vergen v0.1.1
[INFO] [stderr]     Checking sha2 v0.8.2
[INFO] [stderr]     Checking sha-1 v0.8.2
[INFO] [stderr]     Checking url v1.7.2
[INFO] [stderr]     Checking tokio-io v0.1.13
[INFO] [stderr]     Checking lewton v0.9.4
[INFO] [stderr]     Checking aes v0.3.2
[INFO] [stderr]     Checking aes-ctr v0.3.0
[INFO] [stderr]     Checking regex v1.3.9
[INFO] [stderr]     Checking mio-uds v0.6.8
[INFO] [stderr]     Checking tokio-timer v0.2.13
[INFO] [stderr]     Checking tokio-current-thread v0.1.7
[INFO] [stderr]     Checking crossbeam-deque v0.7.3
[INFO] [stderr]     Checking rand v0.7.3
[INFO] [stderr]     Checking pbkdf2 v0.3.0
[INFO] [stderr]     Checking tokio-codec v0.1.2
[INFO] [stderr]     Checking uuid v0.7.4
[INFO] [stderr]     Checking serde_json v0.9.10
[INFO] [stderr]     Checking tokio-threadpool v0.1.18
[INFO] [stderr]     Checking tokio-reactor v0.1.12
[INFO] [stderr]     Checking env_logger v0.6.2
[INFO] [stderr]     Checking env_logger v0.5.13
[INFO] [stderr]     Checking tokio-fs v0.1.7
[INFO] [stderr]     Checking tokio-uds v0.2.7
[INFO] [stderr]     Checking tokio-tcp v0.1.4
[INFO] [stderr]     Checking tokio-udp v0.1.6
[INFO] [stderr]     Checking tokio-signal v0.2.9
[INFO] [stderr]     Checking tempfile v3.1.0
[INFO] [stderr]     Checking tokio-process v0.2.5
[INFO] [stderr]     Checking tokio v0.1.22
[INFO] [stderr]    Compiling librespot-core v0.1.0 (https://github.com/ashthespy/librespot#c7e84c7d)
[INFO] [stderr]     Checking tokio-core v0.1.17
[INFO] [stderr]    Compiling protobuf-codegen v2.17.0
[INFO] [stderr]     Checking tokio-proto v0.1.1
[INFO] [stderr]    Compiling serde_derive v1.0.115
[INFO] [stderr]     Checking hyper v0.11.27
[INFO] [stderr]    Compiling protobuf-codegen-pure v2.17.0
[INFO] [stderr]    Compiling librespot-protocol v0.1.0 (https://github.com/ashthespy/librespot#c7e84c7d)
[INFO] [stderr]     Checking hyper-proxy v0.4.1
[INFO] [stdout] error[E0425]: cannot find value `VERSION_2_7_0` in crate `protobuf`
[INFO] [stdout]   --> /opt/rustwide/cargo-home/git/checkouts/librespot-6f197fd632ef9380/c7e84c7/protocol/src/authentication.rs:27:49
[INFO] [stdout]    |
[INFO] [stdout] 27 | const _PROTOBUF_VERSION_CHECK: () = ::protobuf::VERSION_2_7_0;
[INFO] [stdout]    |                                                 ^^^^^^^^^^^^^ help: a constant with a similar name exists: `VERSION_2_17_0`
[INFO] [stdout]    | 
[INFO] [stdout]   ::: /opt/rustwide/target/debug/build/protobuf-62cbef0eab470b57/out/version.rs:7:1
[INFO] [stdout]    |
[INFO] [stdout] 7  | pub const VERSION_2_17_0: () = ();
[INFO] [stdout]    | ---------------------------------- similarly named constant `VERSION_2_17_0` defined here
[INFO] [stdout] 
[INFO] [stdout] 
[INFO] [stdout] error[E0425]: cannot find value `VERSION_2_7_0` in crate `protobuf`
[INFO] [stdout]   --> /opt/rustwide/cargo-home/git/checkouts/librespot-6f197fd632ef9380/c7e84c7/protocol/src/keyexchange.rs:27:49
[INFO] [stdout]    |
[INFO] [stdout] 27 | const _PROTOBUF_VERSION_CHECK: () = ::protobuf::VERSION_2_7_0;
[INFO] [stdout]    |                                                 ^^^^^^^^^^^^^ help: a constant with a similar name exists: `VERSION_2_17_0`
[INFO] [stdout]    | 
[INFO] [stdout]   ::: /opt/rustwide/target/debug/build/protobuf-62cbef0eab470b57/out/version.rs:7:1
[INFO] [stdout]    |
[INFO] [stdout] 7  | pub const VERSION_2_17_0: () = ();
[INFO] [stdout]    | ---------------------------------- similarly named constant `VERSION_2_17_0` defined here
[INFO] [stdout] 
[INFO] [stdout] 
[INFO] [stdout] error[E0425]: cannot find value `VERSION_2_7_0` in crate `protobuf`
[INFO] [stdout]   --> /opt/rustwide/cargo-home/git/checkouts/librespot-6f197fd632ef9380/c7e84c7/protocol/src/mercury.rs:27:49
[INFO] [stdout]    |
[INFO] [stdout] 27 | const _PROTOBUF_VERSION_CHECK: () = ::protobuf::VERSION_2_7_0;
[INFO] [stdout]    |                                                 ^^^^^^^^^^^^^ help: a constant with a similar name exists: `VERSION_2_17_0`
[INFO] [stdout]    | 
[INFO] [stdout]   ::: /opt/rustwide/target/debug/build/protobuf-62cbef0eab470b57/out/version.rs:7:1
[INFO] [stdout]    |
[INFO] [stdout] 7  | pub const VERSION_2_17_0: () = ();
[INFO] [stdout]    | ---------------------------------- similarly named constant `VERSION_2_17_0` defined here
[INFO] [stdout] 
[INFO] [stdout] 
[INFO] [stdout] error[E0425]: cannot find value `VERSION_2_7_0` in crate `protobuf`
[INFO] [stdout]   --> /opt/rustwide/cargo-home/git/checkouts/librespot-6f197fd632ef9380/c7e84c7/protocol/src/metadata.rs:27:49
[INFO] [stdout]    |
[INFO] [stdout] 27 | const _PROTOBUF_VERSION_CHECK: () = ::protobuf::VERSION_2_7_0;
[INFO] [stdout]    |                                                 ^^^^^^^^^^^^^ help: a constant with a similar name exists: `VERSION_2_17_0`
[INFO] [stdout]    | 
[INFO] [stdout]   ::: /opt/rustwide/target/debug/build/protobuf-62cbef0eab470b57/out/version.rs:7:1
[INFO] [stdout]    |
[INFO] [stdout] 7  | pub const VERSION_2_17_0: () = ();
[INFO] [stdout]    | ---------------------------------- similarly named constant `VERSION_2_17_0` defined here
[INFO] [stdout] 
[INFO] [stdout] 
[INFO] [stdout] error[E0425]: cannot find value `VERSION_2_7_0` in crate `protobuf`
[INFO] [stdout]   --> /opt/rustwide/cargo-home/git/checkouts/librespot-6f197fd632ef9380/c7e84c7/protocol/src/pubsub.rs:27:49
[INFO] [stdout]    |
[INFO] [stdout] 27 | const _PROTOBUF_VERSION_CHECK: () = ::protobuf::VERSION_2_7_0;
[INFO] [stdout]    |                                                 ^^^^^^^^^^^^^ help: a constant with a similar name exists: `VERSION_2_17_0`
[INFO] [stdout]    | 
[INFO] [stdout]   ::: /opt/rustwide/target/debug/build/protobuf-62cbef0eab470b57/out/version.rs:7:1
[INFO] [stdout]    |
[INFO] [stdout] 7  | pub const VERSION_2_17_0: () = ();
[INFO] [stdout]    | ---------------------------------- similarly named constant `VERSION_2_17_0` defined here
[INFO] [stdout] 
[INFO] [stdout] 
[INFO] [stdout] error[E0425]: cannot find value `VERSION_2_7_0` in crate `protobuf`
[INFO] [stdout]   --> /opt/rustwide/cargo-home/git/checkouts/librespot-6f197fd632ef9380/c7e84c7/protocol/src/spirc.rs:27:49
[INFO] [stdout]    |
[INFO] [stdout] 27 | const _PROTOBUF_VERSION_CHECK: () = ::protobuf::VERSION_2_7_0;
[INFO] [stdout]    |                                                 ^^^^^^^^^^^^^ help: a constant with a similar name exists: `VERSION_2_17_0`
[INFO] [stdout]    | 
[INFO] [stdout]   ::: /opt/rustwide/target/debug/build/protobuf-62cbef0eab470b57/out/version.rs:7:1
[INFO] [stdout]    |
[INFO] [stdout] 7  | pub const VERSION_2_17_0: () = ();
[INFO] [stdout]    | ---------------------------------- similarly named constant `VERSION_2_17_0` defined here
[INFO] [stdout] 
[INFO] [stdout] 
[INFO] [stderr]     Checking serde v1.0.115
[INFO] [stdout] error: aborting due to 6 previous errors
[INFO] [stdout] 
[INFO] [stdout] 
[INFO] [stdout] For more information about this error, try `rustc --explain E0425`.
[INFO] [stdout] 
[INFO] [stderr] error: could not compile `librespot-protocol`.
[INFO] [stderr] 
[INFO] [stderr] To learn more, run the command again with --verbose.
[INFO] [stderr] warning: build failed, waiting for other jobs to finish...
[INFO] [stderr] error: build failed
[INFO] running `Command { std: "docker" "inspect" "425ee56c47adcedb5d0cb75548daa5886bb24579cc10d7d0bb874b9c8ad60363", kill_on_drop: false }`
[INFO] running `Command { std: "docker" "rm" "-f" "425ee56c47adcedb5d0cb75548daa5886bb24579cc10d7d0bb874b9c8ad60363", kill_on_drop: false }`
[INFO] [stdout] 425ee56c47adcedb5d0cb75548daa5886bb24579cc10d7d0bb874b9c8ad60363
